{"id":2946,"date":"2024-02-15T11:20:44","date_gmt":"2024-02-15T10:20:44","guid":{"rendered":"https:\/\/maison-kalao.com\/?page_id=2946"},"modified":"2024-12-18T13:19:06","modified_gmt":"2024-12-18T12:19:06","slug":"nos-kombuchas","status":"publish","type":"page","link":"https:\/\/maison-kalao.com\/?page_id=2946","title":{"rendered":"Kombuchas"},"content":{"rendered":"\n<p>D\u00e9couvert il y a plusieurs milliers d\u2019ann\u00e9es en Asie le kombucha est une boisson rafra\u00eechissante \u00e0 base de th\u00e9. Issus d\u2019un processus naturel de fermentation, il est p\u00e9tillant, r\u00e9sultat d\u2019un travail bien coordonn\u00e9 entre levures et micro-organismes, lui donnant ses caract\u00e9ristiques uniques et vertus tant appr\u00e9ci\u00e9es.<\/p>\n\n\n\n<div class=\"alignnormal\"><div id=\"metaslider-id-2830\" style=\"width: 100%;\" class=\"ml-slider-3-107-0 metaslider metaslider-flex metaslider-2830 ml-slider ms-theme-default nav-hidden\" role=\"region\" aria-label=\"kombuchas\" data-height=\"400\" data-width=\"4400\">\n    <div id=\"metaslider_container_2830\">\n        <div id=\"metaslider_2830\" class=\"flexslider\">\n            <ul class='slides'>\n            <\/ul>\n        <\/div>\n        \n    <\/div>\n<\/div><\/div>\n","protected":false},"excerpt":{"rendered":"<p>D\u00e9couvert il y a plusieurs milliers d\u2019ann\u00e9es en Asie le kombucha est une boisson rafra\u00eechissante \u00e0 base de th\u00e9. Issus d\u2019un processus naturel de fermentation, il est p\u00e9tillant, r\u00e9sultat d\u2019un travail bien coordonn\u00e9 entre levures et micro-organismes, lui donnant ses caract\u00e9ristiques uniques et vertus tant appr\u00e9ci\u00e9es.<\/p>\n","protected":false},"author":2,"featured_media":0,"parent":0,"menu_order":0,"comment_status":"closed","ping_status":"closed","template":"","meta":{"neve_meta_sidebar":"","neve_meta_container":"","neve_meta_enable_content_width":"","neve_meta_content_width":0,"neve_meta_title_alignment":"","neve_meta_author_avatar":"","neve_post_elements_order":"","neve_meta_disable_header":"","neve_meta_disable_footer":"","neve_meta_disable_title":"","footnotes":""},"class_list":["post-2946","page","type-page","status-publish","hentry"],"_links":{"self":[{"href":"https:\/\/maison-kalao.com\/index.php?rest_route=\/wp\/v2\/pages\/2946","targetHints":{"allow":["GET"]}}],"collection":[{"href":"https:\/\/maison-kalao.com\/index.php?rest_route=\/wp\/v2\/pages"}],"about":[{"href":"https:\/\/maison-kalao.com\/index.php?rest_route=\/wp\/v2\/types\/page"}],"author":[{"embeddable":true,"href":"https:\/\/maison-kalao.com\/index.php?rest_route=\/wp\/v2\/users\/2"}],"replies":[{"embeddable":true,"href":"https:\/\/maison-kalao.com\/index.php?rest_route=%2Fwp%2Fv2%2Fcomments&post=2946"}],"version-history":[{"count":4,"href":"https:\/\/maison-kalao.com\/index.php?rest_route=\/wp\/v2\/pages\/2946\/revisions"}],"predecessor-version":[{"id":3111,"href":"https:\/\/maison-kalao.com\/index.php?rest_route=\/wp\/v2\/pages\/2946\/revisions\/3111"}],"wp:attachment":[{"href":"https:\/\/maison-kalao.com\/index.php?rest_route=%2Fwp%2Fv2%2Fmedia&parent=2946"}],"curies":[{"name":"wp","href":"https:\/\/api.w.org\/{rel}","templated":true}]}}